 ((-6)/(-9))/((-3)/(-126)). Let s(z) = -194*z - 1129. Let j be s(-6). What is the highest common divisor of j and r?
7
Let c = -82 - -86. Suppose h - 7 + c = 0. Calculate the highest common divisor of 1 and h.
1
Suppose -5 = -3*k + 31. Suppose 0 = -r + 5*r + 4, 18084 = 4*s - 4*r. Let w be (-2)/15 + s/150. Calculate the greatest common divisor of k and w.
6
Suppose 5*q = -48*n + 43*n + 4235, 0 = 3*n - 5*q - 2581. Calculate the greatest common factor of 12 and n.
12
Let d be 12 + (-72)/(-8) - 11. Calculate the greatest common factor of 14 and d.
2
Suppose -3*o = -5*o - y - 4, -o + 2*y - 2 = 0. Let v be (-16)/6*15/o. What is the greatest common divisor of v and 8?
4
Let x(d) = 5 + 2 + 5*d + 0*d**2 + d**2 + 0. Let g be x(-4). Suppose -g*l + 4*v = 2*l - 206, -2*v - 160 = -4*l. What is the greatest common factor of l and 19?
19
Let i be (-5)/(-10)*-6 + 19. Calculate the highest common divisor of i and 4.
4
Suppose 0 = -2*b - 3*b + 505. Let z = b - 56. Suppose -5*w = -8*w + z. What is the highest common divisor of 90 and w?
15
Suppose 7*q - 12832 = -q. Let i be q/10 - 8/20*1. What is the greatest common factor of i and 64?
32
Suppose 4*g + 16 = 0, -y + 6*y + 3*g - 28 = 0. Calculate the greatest common factor of 92 and y.
4
Suppose 4*g = -o + 346, 3*o = 2*g + 322 + 660. Calculate the highest common factor of o and 11.
11
Let r be (-37)/(-2) + 1/(-2). Let g(h) = -59*h - 74. Let c be g(-4). Calculate the highest common factor of r and c.
18
Let y = -125 - -129. Let d(x) = -2*x + 28. Let w be d(13). What is the highest common factor of w and y?
2
Let y(t) be the first derivative of t**4/4 + 6*t - 4. Suppose -32*d = -34*d. Let a be y(d). What is the greatest common divisor of 42 and a?
6
Let o = 104 + -230. Let u = 252 + o. Let y = -25 + 39. What is the highest common divisor of u and y?
14
Suppose 4*s - c - 3 + 7 = 0, -5*s + 4*c = 16. Let n be (s - (-18)/(-15))*-125. Calculate the highest common divisor of 30 and n.
30
Let c be 14/21*(-1 + 4). Let h be 6*(24/9 + c). Let v = -8 + 15. What is the highest common factor of v and h?
7
Let v(j) = -3*j**2 - 4. Let m be v(3). Let y = -19 - m. Let u be 7 + y - 1*-1. Calculate the highest common divisor of u and 4.
4
Let v(j) = j**2 + 21*j + 52. Let x be v(-19). Let n = -105 + 154. Calculate the highest common factor of x and n.
7
Let p be -7 + (-110)/(-15) - 106/(-6). What is the greatest common divisor of p and 45?
9
Let w = 74 + -50. Calculate the highest common factor of w and 8.
8
Let p(q) = -8*q + 12. Let w be p(6). Let h = 74 + w. Suppose 0 = 2*k + 3*k - 95. Calculate the greatest common factor of k and h.
19
Suppose -3*t = 3*i - 105, -i - 61 = -22*t + 20*t. Calculate the highest common divisor of t and 8.
8
Suppose 4*p - k = 633 + 10, p - 160 = k. What is the greatest common divisor of 7 and p?
7
Let b = -41 + 101. Calculate the highest common divisor of b and 200.
20
Let a(c) = -c**3 + 4*c**2 + 2*c + 3. Let z be a(3). Suppose -2*n = -4, -5*t + 8*t - 3*n - z = 0. Calculate the greatest common factor of 44 and t.
4
Let t(q) be the third derivative of -q**5/60 - 23*q**4/24 - 19*q**3/6 + 24*q**2. Let p be t(-22). Calculate the greatest common divisor of p and 3.
3
Let u(t) = -t**3 - 11*t**2 - 14*t + 17. Let x be u(-10). Calculate the highest common factor of 285 and x.
57
Let v be 9 + 1/1*1. Let f be 2 - 4 - (-28)/2. Let w(a) = 2*a**2 - 18*a + 38. Let n be w(f). What is the highest common divisor of v and n?
10
Let s be ((-6)/(-16) + (-1460)/(-800))*10. What is the greatest common factor of s and 242?
22
Let z be (3 - (-2 + 11))/(5/(-40)). Calculate the highest common divisor of 336 and z.
48
Suppose -3*t - 3 = -l, 3*t - 4*l + l + 9 = 0. Suppose t = -2*u + 30 - 2. Let q be -8 - (-18)/9 - -20. What is the greatest common divisor of q and u?
14
Let d be 1/((-9)/(-174))*21/14. Suppose -d + 35 = x. Calculate the highest common divisor of x and 4.
2
Suppose 7*r - 37 = 2*r + g, -4 = 2*g. Suppose -5*l = 3*o - 85, 4*o - 5*o + 5 = 0. What is the greatest common divisor of l and r?
7
Let x(u) = u**2 + 40*u + 23. Let l be x(-45). Calculate the greatest common factor of 8 and l.
8
Let n = -2638 + 2830. Let v = 1 - -47. Calculate the highest common divisor of n and v.
48
Let c(t) = -t - 11. Let b be c(-5). Let u = 16 + b. What is the highest common factor of u and 70?
10
Let k be 4/(-3)*30/(-48)*18. What is the highest common divisor of k and 18?
3
Let h(i) = 88*i**2 - 11*i + 30. Let v be h(2). Calculate the greatest common factor of v and 15.
15
Let h be (0 - 5/3) + (-730)/(-6). What is the highest common factor of 10 and h?
10
Let l = -10 + 12. Suppose -5*p + 126 = l*p. What is the highest common divisor of p and 36?
18
Let c be 1*(2 - 1 - (4 - 0)). Let a be (18/(-15))/(c/170). Calculate the greatest common factor of 51 and a.
17
Let n(w) = w + 1. Let f be n(2). Suppose -p + 11 = -0*p + f*d, -p + 43 = -5*d. Let r = p - -16. Calculate the greatest common factor of r and 13.
13
Let x(z) = -3*z**2 - 9*z + 6. Let f(k) = -13*k**2 - 37*k + 23. Let n(q) = -2*f(q) + 9*x(q). Let d be n(-7). Calculate the greatest common factor of d and 8.
8
Let o = -146 - -155. Let r(m) = m + 27. Let f be r(0). Calculate the greatest common factor of f and o.
9
Let a be (-9)/2 + 2/4. Suppose -275 = 2*z - 279. Let s be 69 + a + z + 3. What is the highest common divisor of 14 and s?
14
Suppose -24 + 84 = 2*f. Calculate the highest common factor of f and 15.
15
Suppose -6*h + 6 = -4*h. Let c = 11 - h. Calculate the greatest common divisor of 64 and c.
8
Let z = 2 + 8. Let f = 24 - z. Suppose 2*g - 4*g = 3*u - 36, 0 = -3*g - 5*u + 53. What is the highest common divisor of g and f?
7
Suppose -3*p - 342 = -4*u, -88 = -u + 2*p - 0*p. Suppose 0 = o + 78 - u. Calculate the highest common divisor of o and 18.
6
Let l be (-6)/(-39) + 185/65. Suppose 168 = l*g - 2*c + 33, 4*c = 5*g - 225. Calculate the highest common factor of g and 5.
5
Let g(z) = z**2 + 9*z + 2. Let d be g(-5). Let m be ((-2)/(-9) + (-32)/d)*10. What is the highest common factor of 10 and m?
10
Let x(b) = -b**3 - 11*b**2 - 10*b + 1. Let i be x(-10). Let y = 58 + -91. Let f = y + 38. Calculate the highest common factor of f and i.
1
Let f(z) = z**2 - 7*z - 8. Let x be f(8). Let k be x + 2*28/8. Suppose 3*n = -2*o + k, 5*o - n + 6*n - 30 = 0. Calculate the highest common factor of o and 99.
11
Suppose 8*m - 3*m - 55 = -5*v, -5*v = -m + 17. Let h = 240 + -108. Calculate the highest common factor of h and m.
12
Let a = 128 + -90. Let n be (32/(-24))/(0 - (-3)/(-9)). Suppose -2*u = 2*q - 196, -n*q - 5*u = -4*u - 383. What is the greatest common factor of q and a?
19
Let q be (-6)/(-27) + (-4848)/(-54). Calculate the highest common divisor of 27 and q.
9
Suppose 3*p - 2*o = -6*o + 188, o = -p + 62. Suppose 0 = -m - m + p. Let i = -18 + m. What is the highest common factor of i and 48?
12
Let r = -1839 - -2013. What is the greatest common factor of r and 290?
58
Let c = 626 + -552. Calculate the highest common factor of c and 2.
2
Let a = -477 + 496. What is the highest common divisor of a and 608?
19
Let f = 17 - 10. Let d be (3/6)/(2/4). Let q = f - d. Calculate the greatest common divisor of q and 15.
3
Let o(b) = 16*b - 52. Let j be o(10). Let g = j + -106. What is the highest common divisor of 14 and g?
2
Let u(c) = 11*c + 481. Let q be u(11). What is the highest common factor of q and 14?
14
Let f(v) = 2*v - 1. Let s(m) = 4*m - 2. Let y(i) = 10*f(i) - 4*s(i). Let d be y(1). What is the greatest common divisor of d and 26?
2
Let w = -4 - -9. Suppose 474 + 791 = w*r. Suppose n = -n + 46. What is the highest common divisor of r and n?
23
Suppose 205 = 4*q - 255. Let w = -10 - -33. What is the greatest common divisor of w and q?
23
Suppose -11*n + 160 = -n. Suppose 6*b - 4*b - 80 = 0. What is the highest common factor of n and b?
8
Let y = 19 - 17. Suppose -s + y*s = 32. Let j(b) = -5*b - 57. Let x be j(-13). What is the highest common divisor of s and x?
8
Let i be ((-8)/(-12))/((-3)/(-9)). Suppose -4*d + i*f + 2*f + 24 = 0, d - 3*f = 2. What is the highest common divisor of d and 16?
8
Let q be (-2)/16 - 3344/(-128). Let g(a) = 2*a**2 + 4*a - 3. Let n(y) = -2*y + 10. Let b be n(7). Let o be g(b). What is the highest common divisor of o and q?
13
Let d = 109 + -63. Suppose i + 5*g - d = 